 6) to base 12.
-4686
29c (base 13) to base 15
212
What is 100110111001 (base 2) in base 10?
2489
Convert -13a62 (base 11) to base 7.
-112024
-853 (base 9) to base 6
-3120
Convert -16232 (base 7) to base 3.
-20021122
Convert -2614 (base 7) to base 11.
-821
What is -3260 (base 9) in base 3?
-10022000
What is -2132 (base 4) in base 5?
-1113
What is -1121111 (base 3) in base 5?
-14144
-430 (base 12) to base 10
-612
Convert 22113 (base 4) to base 3.
220120
-114231 (base 7) to base 15
-6200
What is -603 (base 7) in base 12?
-209
Convert 4e (base 16) to base 3.
2220
What is -331 (base 5) in base 6?
-231
Convert -1be (base 16) to base 8.
-676
What is 10233213 (base 4) in base 16?
4be7
Convert 1001001100 (base 2) to base 7.
1500
96d (base 15) to base 3
2220211
Convert 2573 (base 8) to base 13.
83c
-1278c (base 14) to base 13
-17884
-1101111001011 (base 2) to base 16
-1bcb
Convert -1010011010 (base 2) to base 14.
-358
Convert -ea8 (base 16) to base 6.
-25212
Convert 12142 (base 8) to base 14.
1c8a
Convert -21211220 (base 3) to base 9.
-7756
Convert -a23 (base 15) to base 4.
-203223
1225 (base 8) to base 5
10121
Convert -1a13 (base 13) to base 10.
-3903
What is -325226 (base 7) in base 11?
-3995a
102024 (base 5) to base 9
4575
What is 30105 (base 11) in base 4?
22300101
What is -1302112 (base 4) in base 7?
-30223
-3040 (base 5) to base 12
-28b
What is 3632 (base 7) in base 8?
2502
Convert -110011010 (base 2) to base 5.
-3120
Convert 134 (base 16) to base 12.
218
Convert 664 (base 9) to base 4.
20200
Convert 101010000 (base 2) to base 5.
2321
What is -16685 (base 10) in base 8?
-40455
What is 1b0 (base 14) in base 4?
11132
Convert 41a8 (base 15) to base 10.
13883
-479 (base 13) to base 12
-548
What is 2455 (base 6) in base 13?
380
What is -2325 (base 6) in base 4?
-20231
Convert -2402 (base 5) to base 6.
-1344
What is -2b3 (base 16) in base 5?
-10231
Convert -302023 (base 6) to base 13.
-aa8b
Convert -bfa (base 16) to base 7.
-11640
What is -102bb (base 14) in base 10?
-38973
What is -100101101011010 (base 2) in base 11?
-13547
Convert 468b (base 15) to base 5.
434411
40121 (base 6) to base 15
183d
Convert -949 (base 11) to base 10.
-1142
What is -2012331 (base 4) in base 12?
-4bb9
111101111010000 (base 2) to base 13
11572
What is -331 (base 4) in base 7?
-115
What is 105154 (base 6) in base 8?
21336
Convert 33000 (base 5) to base 13.
1041
What is 1010001000000 (base 2) in base 5?
131214
Convert 2386 (base 9) to base 8.
3363
Convert -1652 (base 7) to base 4.
-22202
Convert 1c9 (base 14) to base 8.
565
Convert -d28 (base 14) to base 12.
-15b4
-c7 (base 15) to base 2
-10111011
What is 4263 (base 7) in base 10?
1515
What is -8295 (base 10) in base 5?
-231140
-780 (base 14) to base 6
-10512
What is -44a6 (base 12) in base 11?
-57a2
Convert 672 (base 10) to base 16.
2a0
Convert -793 (base 10) to base 9.
-1071
What is 607a (base 13) in base 2?
11001111100011
What is -10110100 (base 3) in base 12?
-1560
What is -2126 (base 7) in base 16?
-2f3
What is -2350 (base 11) in base 12?
-1948
Convert 3b4 (base 13) to base 15.
2d9
Convert -11542 (base 6) to base 7.
-5003
1110011001101111 (base 2) to base 12
2a17b
Convert 3a8 (base 15) to base 2.
1101000001
Convert 11120101 (base 3) to base 5.
101311
What is 915 (base 11) in base 5?
13410
What is -395a (base 12) in base 7?
-25045
1ab7 (base 12) to base 2
110011101011
-20012 (base 4) to base 8
-1006
12a8a (base 11) to base 8
44263
What is 62b (base 14) in base 8?
2277
8165 (base 12) to base 7
55643
What is 13102 (base 4) in base 7?
1234
What is -3232 (base 6) in base 8?
-1344
What is -4334 (base 8) in base 7?
-6420
-ff3 (base 16) to base 9
-5536
Convert -22332 (base 4) to base 13.
-420
What is -3232311 (base 4) in base 9?
-22863
11011110111101 (base 2) to base 8
33675
What is -4113 (base 5) in base 11?
-445
Convert 11100000000000 (base 2) to base 3.
201122222
What is -11100111100000 (base 2) in base 13?
-6989
Convert -13141 (base 5) to base 12.
-732
What is 273 (base 14) in base 4?
13231
What is -1450 (base 7) in base 5?
-4244
What is -120311 (base 4) in base 8?
-3065
Convert -3011402 (base 5) to base 10.
-47727
What is 44a3 (base 13) in base 10?
9597
What is -122 (base 7) in base 11?
-5a
-4d6 (base 14) to base 2
-1111001100
13573 (base 14) to base 2
1011101001110001
What is -11a4b (base 14) in base 2?
-1010100010110011
-475 (base 8) to base 11
-269
-157dc (base 14) to base 15
-10da2
What is 1111 (base 7) in base 16?
190
What is -4654 (base 11) in base 15?
-1c24
-12021 (base 3) to base 2
-10001110
14a (base 13) to base 6
1023
Convert 73a9 (base 11) to base 13.
45ca
Convert 112022221 (base 3) to base 14.
3b43
-2105 (base 15) to base 13
-323c
Convert -2321 (base 12) to base 14.
-15d7
14041 (base 9) to base 8
22452
2815 (base 9) to base 10
2120
2243 (base 6) to base 12
383
Convert 1001 (base 3) to base 8.
34
Convert -1850b (base 14) to base 16.
-efaf
Convert -11 (base 16) to base 14.
-13
Convert -6665 (base 7) to base 4.
-211133
Convert 101102220 (base 3) to base 10.
7611
a2 (base 14) to base 6
354
11022 (base 5) to base 14
3c6
Convert -ce2 (base 16) to base 15.
-e9d
10200120 (base 4) to base 12
a820
Convert 17295 (base 11) to base 15.
7304
What is 111010000111111 (base 2) in base 8?
72077
What is -435002 (base 6) in base 12?
-18a62
What is -a7a (base 11) in base 5?
-20142
Convert 7a5 (base 14) to base 7.
4265
-333 (base 10) to base 12
-239
Convert 11111000 (base 3) to base 12.
1a83
10122112221 (base 3) to base 12
356b1
Convert -560 (base 7) to base 2.
-100011111
12051 (base 6) to base 3
2102011
-5703 (base 12) to base 7
-40065
What is 2323032 (base 5) in base 15?
c7cc
-3071 (base 15) to base 8
-23767
-3a2 (base 11) to base 6
-2111
Convert 2030 (base 5) to base 6.
1121
-124132 (base 7) to base 13
-a654
1805 (base 11) to base 3
10011100
Convert -3231221 (base 4) to base 8.
-35551
Convert -9ebb (base 15) to base 10.
-33701
What is 53a (base 13) in base 16?
37e
-504 (base 16) to base 14
-67a
Convert -1041444 (base 5) to base 3.
-221012112
-122000000 (base 3) to base 15
-3a13
What is -7116 (base 11) in base 2?
-10010011101111
-10001001000101 (base 2) to base 6
-104341
-295 (base 11) to base 16
-15a
What is -74b (base 14) in base 13?
-869
Convert -333032 (base 4) to base 8.
-7716
-6120 (base 7) to base 15
-966
Convert 2004 (base 13) to base 12.
2666
What is -344 (base 16) in base 15?
-3ab
Convert 61b (base 12) to base 4.
31313
Convert 221333 (base 4) to base 5.
41222
Convert -7581 (base 9) to base 5.
-134311
What is -529 (base 11) in base 3?
-212120
What is 200 (base 10) in base 15?
d5
Convert 1212020 (base 3) to base 9.
1766
Convert -430 (base 7) to base 12.
-161
What is -22210202 (base 3) in base 13?
-2bca
What is -3572 (base 13) in base 2?
-1110101101001
Convert 140200 (base 5) to base 2.
1011000101011
Convert -1131 (base 8) to base 12.
-421
34aa (base 15) to base 8
25661
What is -6066 (base 7) in base 11?
-1645
Convert -772 (base 10) to base 8.
-1404
Convert 4534 (base 7) to base 14.
854
1011001010 (base 3) to base 6
252433
-23230 (base 5) to base 2
-11010011010
47234 (base 9) to base 7
160645
What is ddd (base 16) in base 7?
13230
2ef8 (base 16) to base 8
27370
3b5 (base 14) to base 12
523
Convert 33321 (base 5) to base 2.
100100100000
-556 (base 7) to base 4
-10132
What is -10010010100000 (base 2) in base 9?
-13767
212021 (base 3) to base 14
32c
Convert -2075 (base 14) to base 6.
-41515
Convert -2106 (base 8) to base 9.
-1445
-11201130 (base 4) to base 9
-34023
What is 452 (base 12) in base 4?
21332
1979 (base 12) to base 16
c2d
36bab (base 12) to base 11
508a8
What is -16844 (base 12) in base 15?
-988d
What is 50724 (base 8) in base 5?
1132243
What is d54 (base 14) in base 2?
101000111110
ba51 (base 14) to base 11
22227
What is 2122 (base 11) in base 4?
223313
Convert -321 (base 13) to base 2.
-1000010110
What is -7ac7 (base 13) in base 11?
-11a46
104420 (base 5) to base 3
12010100
What is 1a5 (base 16) in base 6?
1541
What is -110111100100 (base 2) in base 4?
-313210
-2618 (base 9) to base 3
-2200122
Convert 27237 (base 11) to base 12.
1a601
2a5 (base 14) to base 5
4122
What is -30641 (base 8) in base 7?
-52020
What is 42573 (base 10) in base 5?
2330243
6622 (base 8) to base 16
d92
11410 (base 12) to base 16
5a0c
-224